 (base 3) in base 5?
33001
-412420 (base 5) to base 4
-3102231
What is -88296 (base 13) in base 8?
-741375
What is 44d56 (base 15) in base 14?
59b54
3331221001 (base 4) to base 5
231221123
Convert -3203302010 (base 4) to base 12.
-38bb18
1111011111011011 (base 2) to base 15
13c01
-2342792 (base 11) to base 4
-33212022001
What is -818835 (base 11) in base 9?
-2423381
What is 121202220210101 (base 3) in base 7?
135526432
What is 582398 (base 10) in base 15?
b7868
-aab5fa (base 16) to base 8
-52532772
What is -8296b (base 15) in base 9?
-700652
What is -34412215 (base 6) in base 9?
-1884132
111103431 (base 5) to base 12
1b649b
What is 2012122011022 (base 3) in base 15?
182bdb
Convert -4d523 (base 14) to base 8.
-563613
-112684 (base 9) to base 2
-10000100000101110
Convert -2100676 (base 8) to base 12.
-22a766
46128 (base 10) to base 16
b430
-301203122011 (base 4) to base 7
-215261653
Convert -1a0234 (base 13) to base 10.
-657284
What is 20020101121 (base 3) in base 8?
357606
What is 5668752 (base 9) in base 7?
34662305
Convert -b0710 (base 14) to base 11.
-26a590
Convert -be4c (base 15) to base 13.
-15498
Convert -2122a2 (base 11) to base 13.
-bb854
1220210000 (base 4) to base 8
1504400
-53919 (base 14) to base 15
-3ed34
Convert 1ad67 (base 14) to base 5.
4142440
What is -353024 (base 7) in base 9?
-106055
1c725 (base 13) to base 11
391a6
Convert b2e (base 16) to base 10.
2862
What is 449b5 (base 15) in base 2?
110101010001010011
What is -31823 (base 13) in base 2?
-10101110010101101
What is -201420030 (base 5) in base 12?
-331154
5446246 (base 7) to base 4
2202322003
-19bb94 (base 14) to base 4
-3133221012
101110101100100010111 (base 2) to base 10
1530135
Convert -20865a (base 13) to base 8.
-2716643
What is -46402 (base 11) in base 7?
-366304
What is -31223222023 (base 4) in base 6?
-204513031
-22102 (base 5) to base 7
-4311
What is 10021402 (base 5) in base 8?
233362
Convert -1002022010002222 (base 3) to base 5.
-12441242040
536661 (base 7) to base 6
2001253
Convert 3470265 (base 9) to base 10.
1876667
Convert 22333201111 (base 4) to base 5.
1214202441
151448 (base 10) to base 9
250665
What is -2334150 (base 6) in base 4?
-131221302
Convert -13525202 (base 6) to base 2.
-1110000111011000010
Convert -2192789 (base 10) to base 6.
-114555445
Convert -2b53b (base 15) to base 3.
-21002102202
What is 21020122121 (base 3) in base 2?
100010110100100110
Convert 1100100101 (base 3) to base 11.
189a9
b387 (base 14) to base 3
1120101010
Convert 2110221323 (base 5) to base 3.
22020122221201
What is 1010111001011010000 (base 2) in base 5?
42411242
2a44 (base 16) to base 4
2221010
Convert 1101001111010001 (base 2) to base 6.
1055013
Convert -122322200333 (base 4) to base 5.
-3301233143
30113304 (base 5) to base 6
5040311
2344563 (base 7) to base 14
7a333
What is 4779149 (base 10) in base 3?
22222210202112
Convert 10092a (base 11) to base 12.
79a24
Convert 1011011110000111011101 (base 2) to base 15.
3e5e2b
What is 10132202202 (base 4) in base 15?
182b46
-58c74 (base 14) to base 16
-34da6
Convert 14545233 (base 6) to base 3.
222000001110
What is -1396b18 (base 13) in base 3?
-102200122100200
Convert -100232132020 (base 4) to base 10.
-4384648
Convert 377a246 (base 12) to base 3.
202102212121200
Convert -24313443 (base 5) to base 15.
-47dd3
Convert 538727 (base 10) to base 2.
10000011100001100111
What is 10f4b (base 16) in base 2?
10000111101001011
What is -11331021121 (base 4) in base 13?
-428797
Convert -c176e (base 16) to base 11.
-4a1401
What is -3051602 (base 8) in base 6?
-25151510
What is -207918 (base 14) in base 15?
-169de7
14cc6 (base 15) to base 16
105c3
What is 2002310 (base 4) in base 12?
4a18
What is -441309 (base 14) in base 11?
-1337296
-d7016 (base 14) to base 6
-15041032
-478473 (base 9) to base 11
-187702
737416 (base 12) to base 13
4b7bab
226033 (base 10) to base 11
144905
Convert -11254340 (base 6) to base 10.
-349620
What is -110100100011011 (base 2) in base 13?
-c32a
Convert 220100121212 (base 3) to base 12.
1b1528
437b8 (base 14) to base 11
101873
110000010110100000 (base 2) to base 9
331603
Convert -1ae9f (base 16) to base 15.
-229e4
Convert 228634 (base 9) to base 4.
201211201
5c928 (base 16) to base 9
637116
13161356 (base 7) to base 8
4467652
Convert -4ca183 (base 13) to base 4.
-13003230212
Convert -122323411 (base 6) to base 14.
-455c51
Convert 352412 (base 7) to base 6.
1205045
Convert c276 (base 16) to base 8.
141166
Convert 32301444 (base 7) to base 8.
12410467
What is -578979 (base 14) in base 11?
-1757348
What is -31092 (base 12) in base 6?
-1212302
-4029 (base 13) to base 9
-13083
What is 1be6e (base 15) in base 7?
526214
Convert -227422 (base 8) to base 4.
-102330102
Convert -720807 (base 10) to base 3.
-1100121202120
What is 2062a (base 11) in base 12?
15474
13221040 (base 5) to base 4
200120211
What is 583835 (base 10) in base 12?
241a4b
Convert 122002202210 (base 3) to base 11.
20aa08
-113040 (base 7) to base 8
-47451
Convert -4310311 (base 5) to base 7.
-421415
Convert 322302320 (base 4) to base 9.
406312
Convert 111e0c0 (base 15) to base 12.
4127bb3
What is 210304132 (base 5) in base 2?
11010100001110101100
What is -12110202002210 (base 3) in base 15?
-3c69a6
What is 3266266 (base 7) in base 5?
100400141
10712ba (base 13) to base 7
60515021
What is 41a7a3 (base 13) in base 10?
1537019
What is -101192 (base 11) in base 2?
-100111101100101100
Convert -2161137 (base 11) to base 10.
-3793511
Convert 22110120010021 (base 3) to base 5.
2122424442
-2a6486 (base 11) to base 7
-4024615
15e235 (base 16) to base 3
2200212022020
What is 56f9f (base 16) in base 3?
200002200122
Convert 8373155 (base 9) to base 7.
53024150
What is 1d3050 (base 16) in base 14?
37b1a8
-1202101200 (base 3) to base 16
-86f7
Convert 100333030 (base 4) to base 8.
207714
221120321003 (base 4) to base 13
232b647
Convert -122002 (base 3) to base 8.
-715
1100100111100000110011 (base 2) to base 12
113612b
What is 131022323 (base 4) in base 14?
31787
-11011101100000101111 (base 2) to base 9
-1632533
Convert 8bb6 (base 14) to base 16.
5ecc
-131a5b (base 12) to base 5
-40024104
What is -2847a (base 15) in base 12?
-62981
12001120212221 (base 3) to base 7
31565050
Convert 10110010110001011 (base 2) to base 5.
10412111
Convert -3232651 (base 7) to base 12.
-170564
What is -13503501 (base 9) in base 8?
-31355272
Convert -41eeb (base 15) to base 16.
-3315e
What is 2545021 (base 6) in base 15?
2b064
Convert 5105224 (base 6) to base 3.
110022021021
-445132 (base 6) to base 15
-b14e
Convert -10000101001111011111011 (base 2) to base 9.
-8184114
220001212110 (base 3) to base 13
137838
Convert -325247 (base 8) to base 2.
-11010101010100111
Convert -233313302 (base 4) to base 6.
-4111442
-307157 (base 9) to base 12
-89667
What is 1cb48 (base 14) in base 3?
10201220121
What is -301576 (base 9) in base 8?
-534256
What is 15803617 (base 9) in base 15?
a653da
Convert -111000110101111100100 (base 2) to base 9.
-3448036
Convert 1337b6 (base 15) to base 4.
3201113301
Convert 112020112220 (base 3) to base 5.
32432323
-104146 (base 12) to base 3
-111000002100
Convert -30c955 (base 13) to base 9.
-2130264
736d7 (base 14) to base 3
112011001011
Convert 14451440 (base 7) to base 3.
2120210200122
160255 (base 10) to base 5
20112010
Convert -196525 (base 10) to base 9.
-328521
Convert -649488 (base 11) to base 16.
-fd475
-100000001010001000110010 (base 2) to base 13
-1992157
What is 90621 (base 14) in base 15?
6cbee
Convert -751da (base 16) to base 13.
-13a466
21210312 (base 4) to base 11
27517
What is 2ab0041 (base 12) in base 14?
12224a5
What is 100010100011011 (base 2) in base 10?
17691
Convert 101003112323 (base 4) to base 2.
10001000011010110111011
Convert 2074782 (base 10) to base 5.
1012343112
Convert 11160440 (base 8) to base 11.
1400968
What is -92a263 (base 11) in base 3?
-2210211010200
Convert -22121220201 (base 3) to base 14.
-45c43
24802a (base 11) to base 5
100010341
Convert -272587 (base 12) to base 10.
-647095
Convert 38dcb (base 16) to base 7.
1660013
-44551414 (base 7) to base 12
-13626ba
What is -24341631 (base 7) in base 14?
-409c18
What is -53552415 (base 6) in base 16?
-1831bb
What is -530363 (base 7) in base 3?
-11122102022
-140454335 (base 6) to base 3
-1210001